 213 = 0. Calculate the greatest common divisor of n and 5.
5
Let p = -101 - -50. Let f = p - -75. Calculate the highest common divisor of 8 and f.
8
Let u = -200 + 290. Let i(o) = o - 3. Let m be i(6). Suppose -x + 57 = m*h, -x + 2*x = -5*h + 93. Calculate the highest common factor of h and u.
18
Let p(m) = 8*m**2 - 2*m - 3. Let v be p(-2). Suppose -2*l + v = l. What is the greatest common divisor of 11 and l?
11
Suppose 5*v - 25 = -0*v, 4*h + 68 = 4*v. Let y = -2 - h. What is the highest common factor of y and 1?
1
Let y(v) = -2*v - 4. Let c be y(-3). Let p be (88/20)/(c/10). Let k = -48 - -81. Calculate the greatest common divisor of k and p.
11
Let g = 13 - 1. Suppose 0 = 4*i - 3*i - 12. What is the greatest common divisor of i and g?
12
Suppose -43 + 13 = -5*m. Calculate the highest common divisor of 138 and m.
6
Let w = -13 + 34. Let n be 14*(4 + -4 + -1). Let y be (-36)/n - (-3)/7. What is the greatest common factor of y and w?
3
Suppose -3*p = -u + 4, -p = u + 2*u - 12. Suppose 13 = i + 3*d, -7 = -5*i + u*d + 20. Let w = 9 + i. What is the greatest common divisor of w and 64?
16
Let y = -37 - -85. What is the highest common factor of 12 and y?
12
Suppose 0 = 4*m + 4, 2*n - 4*m - 35 = m. What is the highest common divisor of n and 5?
5
Let v(h) = 8*h**2 - 2. Let u be v(2). Calculate the greatest common divisor of 18 and u.
6
Let s = -24 + 36. Let g = -61 + 145. What is the greatest common divisor of s and g?
12
Let d = -39 + 71. Let n = 67 + d. What is the highest common divisor of 9 and n?
9
Suppose 7*z - 4 = 150. Calculate the greatest common divisor of 11 and z.
11
Let v be (2/(-4))/(3/(-24)). Suppose -v*x + 5 = 17. Let s(n) = 2*n**2 + 3*n - 3. Let k be s(x). Calculate the highest common factor of 66 and k.
6
Let z = 140 + -92. What is the highest common factor of z and 32?
16
Let t(p) be the third derivative of p**5/60 + 11*p**4/24 + 4*p**3/3 + 4*p**2. Let n be t(-11). Calculate the highest common factor of 56 and n.
8
Suppose -2 = f, 3*v + 4*f + 16 = 5*f. Let n be ((-15)/(-4))/(v/(-96)). Calculate the greatest common factor of 12 and n.
12
Let s be 12/30 + (-93)/(-5). Let h = s + -10. Suppose 3*l = -0*l + 54. Calculate the highest common factor of l and h.
9
Let i be ((-12)/3)/1*-10. What is the greatest common factor of i and 8?
8
Suppose d + 48 = 5*d. What is the highest common divisor of d and 84?
12
Let d(l) = 2*l**3 + 2*l**2 + 5*l - 3. Let n be d(3). Let v be 25/2 + (-3)/6. What is the greatest common divisor of v and n?
12
Let r be (-3)/5 - 69/(-15). Suppose 5*t - 128 = -4*s, -80 - 16 = -3*s + r*t. Suppose 2*i - 4 = 4. Calculate the highest common divisor of i and s.
4
Suppose 0 = 3*q - 4*c - c - 223, -2*q - c + 166 = 0. What is the highest common factor of q and 54?
27
Let h(v) = -v**2 + 10*v - 6. Let u be 1/(1 - 2/4). Suppose 7 + 1 = u*j. Let w be h(j). What is the greatest common factor of 144 and w?
18
Let v(f) = -f**2 + f + 1. Let j be v(-2). Let u(c) = -c**2 + 2*c - 1. Let n be u(2). Let b be (j + 1)*(n - 3). What is the greatest common divisor of b and 40?
8
Suppose 2*f - 9 - 15 = 0. What is the highest common factor of 36 and f?
12
Let z(u) = 8*u - 7. Let w be (-7)/21 - (-268)/(-6). Let x be ((-1)/(-3))/((-3)/w). Let c be z(x). What is the highest common factor of c and 22?
11
Suppose -5*x + 2*z + 336 - 101 = 0, -5*z = 25. Calculate the greatest common factor of x and 9.
9
Let b = 3 + -1. Let w(a) = 2*a**2 + a. Let h be w(-2). What is the greatest common factor of b and h?
2
Let p be 3*(-1 + 1/(-3)). Let l(v) = 4*v**2 + 3*v. Let g be l(p). Suppose -3*u + g = -u. What is the greatest common divisor of u and 65?
13
Let v = -102 - -107. What is the highest common factor of 45 and v?
5
Let s(q) = q + 72. Let h be s(0). Let i be h/(-2)*(-4)/6. Let a = 90 - 54. Calculate the greatest common factor of a and i.
12
Suppose 2*j - 7*j = -595. Suppose -j = -4*t + 37. Calculate the greatest common factor of t and 26.
13
Let x = 1 - -39. Suppose 5*y - x - 5 = 0. What is the greatest common divisor of 6 and y?
3
Let s(q) = 5*q - 24. Let o be s(6). What is the greatest common factor of o and 30?
6
Suppose 0 = 7*f - 9*f + 30. What is the highest common divisor of 105 and f?
15
Let o = 0 + 5. Suppose o*k - 3*k = 42. What is the greatest common factor of k and 21?
21
Suppose -3*g = 4*u + 1, -29 = u - 2*g - 3*g. Let l be 70/u*(0 - 2). Let d = -25 + l. What is the greatest common divisor of 15 and d?
5
Let u(z) = z**3 + 9*z**2 + 13*z + 1. Let f be u(-7). Calculate the highest common divisor of f and 88.
8
Suppose -43 = -3*y + 2*v, 5*v - 50 = -3*y - 0*y. What is the greatest common divisor of y and 15?
15
Suppose 15 = 5*x, 5*x - x - 52 = -n. Calculate the greatest common divisor of n and 5.
5
Suppose t - 217 = -2*o, -t + 5*t = -12. What is the highest common factor of 22 and o?
22
Suppose 5*c + 4*s - 417 = s, 3*c + s = 251. Suppose -8 = -v + 4*g, -3*v - 5*g = -8 - 16. Suppose a - v - 4 = 0. Calculate the highest common factor of c and a.
12
Let q(h) = 5*h + 2*h - h - 7*h - 2. Let w be q(-6). Suppose -w*d + 6 = -d. Calculate the highest common factor of 1 and d.
1
Let i(x) = -37*x + 6. Let t be i(5). Let m = 256 + t. Calculate the greatest common factor of m and 11.
11
Suppose -2 - 6 = -j. Suppose 3*y - 5 = 7. Calculate the greatest common divisor of j and y.
4
Suppose 4*w - 3*s = s + 100, 5*w = -2*s + 90. Calculate the highest common factor of 20 and w.
20
Suppose -4*r - 30 = -9*r. What is the highest common divisor of 30 and r?
6
Let x = 11 + 136. What is the highest common divisor of 42 and x?
21
Let y = 30 - 18. Let a be ((-4)/(-3))/(5/315). What is the greatest common factor of y and a?
12
Let b(a) = 3*a**2 - 4*a. Let f be b(4). Calculate the highest common factor of 128 and f.
32
Suppose -3*s = -2*s + 4. Let l = -152 + 155. Let y be 10 + (-3 - (l + s)). What is the highest common divisor of y and 1?
1
Suppose 0 = 3*d - 0*d + 42. Let b be (1 + d)/1*-8. Calculate the highest common divisor of b and 13.
13
Let a be 116/14 + 6/(-21). Let v be 2/a + (-502)/(-8). Let b be 14*((-5)/(-2))/5. What is the highest common divisor of v and b?
7
Let u(x) = -x**3 + x**2 + 18. Let q be u(0). Let p(s) = -s**2 + s + 2. Let f be p(0). Suppose 3*b - 225 = -f*b. What is the greatest common factor of b and q?
9
Let d(f) = -f**2 + 7*f - 5. Let n be d(4). What is the greatest common factor of n and 1?
1
Let v be 3/5 + 15/(-25). Let n = v - -8. Let f be (-6 + 4)/(4/(-2)). Calculate the greatest common factor of f and n.
1
Let u(v) = 10*v - 36. Let b be u(10). What is the greatest common divisor of 16 and b?
16
Let i be (60/35)/((-30)/(-14) - 2). What is the greatest common divisor of 20 and i?
4
Let g = 8 - 2. Let u = -6 - -12. What is the greatest common divisor of u and g?
6
Let q(x) = -x**2 + 5*x. Let o be q(5). Suppose 11 = -3*g + 26. Suppose -5*h = -o*h - g. Calculate the highest common divisor of h and 2.
1
Suppose 4*r - 5*c = 255, r = 3*r - 2*c - 126. Suppose -2*u + r = u + 4*f, -f = -5*u + 100. What is the greatest common factor of u and 40?
20
Let j be (28/(-1))/(9 + -11). Suppose 5*h + 2*o - 1 - 1 = 0, -5*o - 20 = 0. What is the highest common factor of h and j?
2
Suppose -s - 2*c + 87 = 0, 2*c = 4*s + c - 339. Let i = 3 + -1. Suppose -51 = -i*u - u. What is the greatest common divisor of u and s?
17
Suppose 5*x + d + 0*d - 77 = 0, 55 = 3*x + 5*d. What is the greatest common factor of 30 and x?
15
Let a(r) = r**2 + 13*r - 12. Let x be a(-13). Let i = 14 + x. Calculate the highest common factor of 22 and i.
2
Let h(z) = -z**3 - z**2 + z + 4. Let p = -3 - -3. Let c be h(p). Let m = -3 + 4. Calculate the greatest common factor of c and m.
1
Suppose -4*h + 92 = -132. Let x(b) = 7*b**2 + b + 1. Let n be x(-1). Calculate the highest common divisor of n and h.
7
Let x = 16 - -8. Calculate the greatest common factor of x and 8.
8
Suppose -3*h + 2*h + 21 = 0. What is the highest common divisor of h and 63?
21
Let b be 22/18 + 10/(-45). Let c be b*-3 + -3 + 13. Calculate the highest common factor of 21 and c.
7
Let i(u) = -u**3 - 15*u**2 - 14*u - 6. Let t be i(-14). Let z be (2/t)/((-5)/120). Calculate the greatest common factor of z and 64.
8
Let l be (-6 + 4 + 3)*46. Calculate the greatest common divisor of 23 and l.
23
Let g be (-270)/(-20) - 2/(-4). 